{"id":6,"date":"2020-11-02T08:42:17","date_gmt":"2020-11-02T08:42:17","guid":{"rendered":"https:\/\/eso-con.de\/?page_id=6"},"modified":"2022-03-31T09:40:28","modified_gmt":"2022-03-31T07:40:28","slug":"test","status":"publish","type":"page","link":"https:\/\/eso-con.de\/?page_id=6","title":{"rendered":"\u00dcBER UNS"},"content":{"rendered":"\n<p>Eso-Consulting ist Ihr Experte f\u00fcr Unternehmenssicherheit und Wirtschaftsschutz.\u00a0 Kompetent und diskret beraten wir Sie bei sicherheitsspezifischen Fragestellungen und Projekten. Wir unterst\u00fctzen Unternehmen und Organisationen \u2013 unabh\u00e4ngig ihrer Gr\u00f6\u00dfe und Branche, regional und bundesweit und international. Wir sehen unsere Aufgabe darin, mithilfe zielgerichteter Prozess- und Bedarfsanalysen ganzheitliche Unternehmenssicherheit entlang der gesamten Wertsch\u00f6pfungskette zu gew\u00e4hrleisten.<\/p>\n\n\n\n<p>Zu unseren Unternehmensschwerpunkten geh\u00f6ren:<\/p>\n\n\n\n<ul><li>Corporate Risk Management<\/li><li>Reisesicherheit und Personenschutz<\/li><li>IT-Sicherheit\/ Patentschutz<\/li><li>Krisenkommunikation<\/li><\/ul>\n\n\n\n<p>Wir sind ein spezialisiertes Unternehmen aus Potsdam, unweit von Berlin, das h\u00f6chsten Wert auf Vertraulichkeit und Diskretion legt. Dank fortschrittlicher Unternehmensstruktur und IT-Verfahren, sind wir in der Lage Ihr Unternehmen oder Ihre Organisation zeitlich flexibel und jederzeit ortsunabh\u00e4ngig zu betreuen.<\/p>\n\n\n\n<p><em>Wir bieten Ihnen eine passende Sicherheitsl\u00f6sung f\u00fcr Ihr Unternehmen.<\/em><\/p>\n","protected":false},"excerpt":{"rendered":"<p>Eso-Consulting ist Ihr Experte f\u00fcr Unternehmenssicherheit und Wirtschaftsschutz.\u00a0 Kompetent und diskret beraten wir Sie bei sicherheitsspezifischen Fragestellungen und Projekten. Wir unterst\u00fctzen Unternehmen und Organisationen \u2013 unabh\u00e4ngig ihrer Gr\u00f6\u00dfe und Branche, regional und bundesweit und international. Wir sehen unsere Aufgabe darin, mithilfe zielgerichteter Prozess- und Bedarfsanalysen ganzheitliche Unternehmenssicherheit entlang der gesamten Wertsch\u00f6pfungskette zu gew\u00e4hrleisten. Zu unseren [&hellip;]<\/p>\n","protected":false},"author":1,"featured_media":0,"parent":0,"menu_order":0,"comment_status":"closed","ping_status":"closed","template":"","meta":[],"_links":{"self":[{"href":"https:\/\/eso-con.de\/index.php?rest_route=\/wp\/v2\/pages\/6"}],"collection":[{"href":"https:\/\/eso-con.de\/index.php?rest_route=\/wp\/v2\/pages"}],"about":[{"href":"https:\/\/eso-con.de\/index.php?rest_route=\/wp\/v2\/types\/page"}],"author":[{"embeddable":true,"href":"https:\/\/eso-con.de\/index.php?rest_route=\/wp\/v2\/users\/1"}],"replies":[{"embeddable":true,"href":"https:\/\/eso-con.de\/index.php?rest_route=%2Fwp%2Fv2%2Fcomments&post=6"}],"version-history":[{"count":14,"href":"https:\/\/eso-con.de\/index.php?rest_route=\/wp\/v2\/pages\/6\/revisions"}],"predecessor-version":[{"id":320,"href":"https:\/\/eso-con.de\/index.php?rest_route=\/wp\/v2\/pages\/6\/revisions\/320"}],"wp:attachment":[{"href":"https:\/\/eso-con.de\/index.php?rest_route=%2Fwp%2Fv2%2Fmedia&parent=6"}],"curies":[{"name":"wp","href":"https:\/\/api.w.org\/{rel}","templated":true}]}}