{"id":124,"date":"2020-11-04T10:06:31","date_gmt":"2020-11-04T10:06:31","guid":{"rendered":"https:\/\/eso-con.de\/?page_id=124"},"modified":"2022-03-31T09:56:02","modified_gmt":"2022-03-31T07:56:02","slug":"sicherheitsberatung","status":"publish","type":"page","link":"https:\/\/eso-con.de\/?page_id=124","title":{"rendered":"Corporate Risk Management"},"content":{"rendered":"\n<p><strong>Sicherheitsberatung, -analyse, und -konzepte\u00a0<\/strong><\/p>\n\n\n\n<p>Eine erfolgreiche Sicherheitsberatung basiert auf einer ganzheitlichen Betrachtung aller Risiken, Schwachstellen und bereits implementierter Sicherheitsvorkehrungen in Ihrem Unternehmen.<\/p>\n\n\n\n<p>Gemeinsam mit der Gesch\u00e4ftsf\u00fchrung und allen Prozessverantwortlichen erarbeiten wir im Rahmen einer Schutzbedarfsanalyse m\u00f6gliche Sicherheitsrisiken und entwerfen zielgerichtet und l\u00f6sungsorientiert, gest\u00fctzt auf die langj\u00e4hrigen Erfahrungen unserer Mitarbeitenden, konkrete Schutzziele. Diese bilden die Grundlage f\u00fcr eine Ableitung von speziell an Ihre Unternehmenserfordernisse angepassten organisatorischen, physischen sowie technischen Sicherheitsma\u00dfnahmen. Wir haben hierbei selbstverst\u00e4ndlich auch immer die Wirtschaftlichkeit von Sicherheitsma\u00dfnahmen im Blick.<\/p>\n\n\n\n<p>Schenken Sie uns Ihr Vertrauen und lassen Sie uns gemeinsam ein individuelles und nachhaltiges Sicherheitskonzept zum Schutz von Mitarbeitern und Mitarbeiterinnen sowie Unternehmensverm\u00f6gen entwickeln. Denn Risikomanagement ist pr\u00e4ventiv, nicht reaktiv.<\/p>\n","protected":false},"excerpt":{"rendered":"<p>Sicherheitsberatung, -analyse, und -konzepte\u00a0 Eine erfolgreiche Sicherheitsberatung basiert auf einer ganzheitlichen Betrachtung aller Risiken, Schwachstellen und bereits implementierter Sicherheitsvorkehrungen in Ihrem Unternehmen. Gemeinsam mit der Gesch\u00e4ftsf\u00fchrung und allen Prozessverantwortlichen erarbeiten wir im Rahmen einer Schutzbedarfsanalyse m\u00f6gliche Sicherheitsrisiken und entwerfen zielgerichtet und l\u00f6sungsorientiert, gest\u00fctzt auf die langj\u00e4hrigen Erfahrungen unserer Mitarbeitenden, konkrete Schutzziele. Diese bilden die Grundlage [&hellip;]<\/p>\n","protected":false},"author":1,"featured_media":0,"parent":0,"menu_order":0,"comment_status":"closed","ping_status":"closed","template":"","meta":[],"_links":{"self":[{"href":"https:\/\/eso-con.de\/index.php?rest_route=\/wp\/v2\/pages\/124"}],"collection":[{"href":"https:\/\/eso-con.de\/index.php?rest_route=\/wp\/v2\/pages"}],"about":[{"href":"https:\/\/eso-con.de\/index.php?rest_route=\/wp\/v2\/types\/page"}],"author":[{"embeddable":true,"href":"https:\/\/eso-con.de\/index.php?rest_route=\/wp\/v2\/users\/1"}],"replies":[{"embeddable":true,"href":"https:\/\/eso-con.de\/index.php?rest_route=%2Fwp%2Fv2%2Fcomments&post=124"}],"version-history":[{"count":10,"href":"https:\/\/eso-con.de\/index.php?rest_route=\/wp\/v2\/pages\/124\/revisions"}],"predecessor-version":[{"id":328,"href":"https:\/\/eso-con.de\/index.php?rest_route=\/wp\/v2\/pages\/124\/revisions\/328"}],"wp:attachment":[{"href":"https:\/\/eso-con.de\/index.php?rest_route=%2Fwp%2Fv2%2Fmedia&parent=124"}],"curies":[{"name":"wp","href":"https:\/\/api.w.org\/{rel}","templated":true}]}}